u + 8. Calculate the greatest common divisor of i and d.
4
Let v be 6/(-15) + (-17)/(-5). Suppose 5*k + v = 18. Suppose 9 = k*w - 2*w. What is the greatest common factor of 6 and w?
3
Suppose -3*b = 23 - 98. Let l be 610/b - 4/10. Calculate the greatest common divisor of l and 60.
12
Let a be 2/(-4) + (-85)/(-10). Suppose a*t - 220 = 3*t. What is the greatest common factor of 4 and t?
4
Let x be (2 - -2) + (-6 - -9). Suppose 1 = 4*o - x. What is the highest common divisor of 10 and o?
2
Let b(h) = h**2 + 5*h - 2. Suppose -s - 3*v + 6 = 0, 3*s + v - 22 = 6*s. Let z be b(s). Let m be (6/7)/(z/28). Calculate the highest common divisor of m and 42.
6
Suppose 3 + 2 = -z + r, -4*r = -2*z - 16. Let a = 12 + z. What is the greatest common factor of 20 and a?
10
Let i(l) = 16*l**3. Let z be i(1). Suppose 20 + z = 4*d. What is the highest common factor of 72 and d?
9
Let k be 14/(-10) - (-14)/35. Let c be ((-8)/(-10))/((-4)/(-10)). Let t be k*(-8 + c + -2). What is the greatest common factor of t and 40?
8
Let o(y) = -7*y - 6*y + 0*y**2 - 10 + 2*y**2 - 3*y**2. Let f be o(-10). Suppose -50 = -t + 10. Calculate the greatest common factor of t and f.
20
Suppose 0 = -5*z + 2*d + 465, -161 = -4*z + 3*d + 204. Calculate the greatest common divisor of z and 19.
19
Let u be 2/(0 - (-4)/(-182)). Let l(o) = -3*o**2 - 2*o + 1. Let f be l(1). Let j be 2/f - u/2. Calculate the highest common factor of j and 30.
15
Suppose -2*y + 27 = 1. Suppose -3*s = 2*l - 425, 3*s - 8*s + 3*l + 721 = 0. Calculate the greatest common factor of y and s.
13
Let t = 3 + 0. Suppose -2*n + 3*b + 9 = 1, -4*n + 4*b + 24 = 0. Let k be ((-12)/n)/(1/(-5)). Calculate the highest common factor of t and k.
3
Suppose -4*h + 3*p = p - 46, 53 = 5*h - p. What is the greatest common factor of h and 2?
2
Let v(a) = a**2 + a. Let f be v(-1). Suppose f = -2*o - 2. Let r be 62 + ((-1)/o - 3). What is the greatest common factor of 24 and r?
12
Let a = -1 + 12. What is the highest common factor of 11 and a?
11
Suppose -n = -9 - 9. What is the highest common factor of 126 and n?
18
Suppose -3 = -h + 8. Let k(x) be the third derivative of x**5/60 - x**4/6 - 7*x**3/3 + 7*x**2. Let b be k(h). What is the greatest common factor of b and 9?
9
Suppose 343 + 482 = 5*l. Let v be (-4)/14 - (-107)/7. What is the highest common factor of l and v?
15
Let f(n) = n - 1. Let l(z) = -11*z + 4. Let a(u) = -6*f(u) - l(u). Let c be a(8). Calculate the highest common divisor of 14 and c.
14
Suppose 4 = -5*h - 5*q - 6, -5*h + q = 16. Let t be (-548)/(-6) - h/(-9). Let a be (-29 - -3)*1/(-2). What is the greatest common divisor of a and t?
13
Suppose 12*o - 1092 = 5*o. Calculate the greatest common factor of o and 12.
12
Let n = -4 + 13. Let d be (-2)/n + (-56)/(-9). Suppose -3*y + 18 = -2*y. What is the highest common divisor of d and y?
6
Let g = 269 - 143. What is the greatest common divisor of g and 14?
14
Let m(x) = 20*x**2 + 2*x + 2. Let i be m(-3). Calculate the greatest common divisor of i and 16.
16
Suppose 5*a = -3 + 133. What is the highest common divisor of 208 and a?
26
Let b = -713 + 1077. Let x = b - 234. What is the highest common factor of 13 and x?
13
Suppose 5*g = -5*z + 30, 2*g + 5*z - 6*z = -3. Let b = 18 - 12. Suppose -b = -4*n + 30. What is the highest common factor of g and n?
1
Let b = 177 + -107. Let g = b - 26. What is the greatest common factor of 4 and g?
4
Let t be 7/28 + 334/8. Let q = 134 - t. Suppose 0 = z - 2*z + 23. What is the highest common divisor of z and q?
23
Suppose i = -s + 52, -2*s + 4*i = 3*s - 242. What is the greatest common factor of s and 20?
10
Suppose -5*f - 110 = 5*g, 4*f + 83 + 4 = -5*g. Let h = -9 - f. Let o be (6/(-4))/(3/(-56)). Calculate the highest common divisor of h and o.
14
Suppose -p - 4*p = 25. Let q be (-323)/p + (-6)/10. What is the highest common factor of q and 96?
32
Let y = -3 + 4. Let c be (2 + y)*(-8)/(-6). Let t be ((-48)/(-20))/(2/30). What is the highest common factor of t and c?
4
Let w be 8/(-10)*(11 - 16). What is the greatest common factor of w and 68?
4
Suppose a + 4*i - 13 = 0, 3*i + i = -2*a + 18. Let g(t) = 2*t**2 - t. Let o be g(-2). What is the greatest common divisor of o and a?
5
Let b be ((-24)/(-10))/((-4)/30). Let v = -6 - b. Let g be 1 - ((-1)/(-1) + -4). Calculate the greatest common factor of v and g.
4
Let a(k) = 3*k - 5. Let s be a(6). Let u = 46 + -7. What is the greatest common divisor of s and u?
13
Let l be (22/10)/(3/15). Calculate the greatest common divisor of 11 and l.
11
Let l = 18 - 34. Let k = -14 - l. Calculate the greatest common factor of k and 12.
2
Let b(a) = 8*a**2 + 2*a. Let l be b(-3). Let v be (-2)/(-4) + l/12. Calculate the highest common divisor of 9 and v.
3
Let u = -7 - -9. Suppose a + a + 10 = 0, 4*a + 14 = -u*s. Calculate the highest common factor of s and 3.
3
Let a be 60/9 + 5/15. Let u = -31 + 108. What is the highest common divisor of u and a?
7
Let y(f) = 2*f + 3*f + 1 + 1 - 3. Let o be y(5). What is the greatest common factor of 6 and o?
6
Let d = -6 + 11. Suppose 0*n + 50 = -d*n. Let v = -7 - n. Calculate the highest common divisor of v and 3.
3
Let s be 3/6 + (-2)/4. Let p = s + 0. Suppose 0 = -p*b - 3*b + 72. What is the greatest common factor of b and 36?
12
Suppose 7*k - 10 = 2*k. Suppose 76 = -k*w + 6*w. What is the greatest common factor of 209 and w?
19
Let w = 360 - 225. Let l be (2 - (0 - -1)) + 14. Calculate the highest common divisor of w and l.
15
Let d be (3 - (3 + -1))*2. Suppose 3*v + 0*j - 461 = -5*j, 0 = -2*v - d*j + 302. What is the highest common factor of 21 and v?
21
Suppose 32 = -5*x + 592. What is the greatest common divisor of 14 and x?
14
Let s = 46 + -35. Calculate the highest common factor of 55 and s.
11
Let a = 18 - -6. Calculate the greatest common factor of 16 and a.
8
Let f = 71 + -39. Suppose -5*q + q = -f. What is the highest common factor of 32 and q?
8
Suppose x - 31 = -f - 3*f, 0 = 3*f + x - 22. What is the greatest common factor of 45 and f?
9
Let q(y) = -50*y. Let c be q(-3). Suppose -3*h + 252 = 4*k, 0 = -3*k - 5*h - 39 + 239. What is the highest common factor of c and k?
30
Let n = -36 - -55. Suppose t - 2 = 5*b + n, 0 = 2*b + 2. Suppose q - 2*s = 7, -5*q + 40 = -3*s - t. What is the greatest common divisor of q and 91?
13
Suppose 4*w - 97 = 5*d, -2*w + 44 = -0*w - 4*d. What is the highest common factor of w and 252?
28
Let f(m) = m**3 - 6*m**2 + 5*m. Let r be f(5). Let k be 86/4 - (-1)/(-2). Suppose -d + n + k = r, 2*n - 20 = 6*n. What is the highest common factor of d and 16?
16
Suppose -p + 11 = h - 4*p, 0 = p. What is the greatest common factor of h and 209?
11
Let p(r) = -r**2 - r + 2. Let y be p(-2). Suppose -3*q + 41 - 5 = y. Calculate the greatest common factor of 30 and q.
6
Let n(d) = d**2 + 2*d - 19. Let w be n(-6). Calculate the highest common divisor of 3 and w.
1
Suppose -5*q + 7*q - 414 = 0. Calculate the highest common factor of q and 23.
23
Suppose -3*l + 1 = -2, 2*l + 18 = 5*v. Let z = v - 2. Suppose -z*w - 36 = -5*w. What is the greatest common divisor of 18 and w?
6
Suppose -5*q - 3*w = -4*w - 124, 0 = 3*q - 2*w - 80. What is the highest common factor of q and 60?
12
Let b(d) = 369*d + 5. Let w be b(1). Calculate the highest common divisor of 34 and w.
34
Let o = -13 + 21. Let i = 25 + -2. Let c = i - o. What is the greatest common factor of 45 and c?
15
Suppose 3*u + 38 = 4*u. What is the greatest common divisor of 95 and u?
19
Suppose 2*z - 69 = 59. Let s = -783 - -791. What is the greatest common divisor of z and s?
8
Suppose z = l - 2*l + 1, 4*z + 8 = -l. Let d(t) = -t**2 - 3*t + 3. Let v be d(z). What is the greatest common factor of v and 24?
3
Let c be 4/10*30/(-2). Let a = c - -4. Let x be (-105)/6*(a - 0). What is the greatest common factor of x and 5?
5
Suppose 18 + 62 = 5*a. Calculate the highest common factor of 40 and a.
8
Let m(k) = -5*k + 61. Let w be m(7). Calculate the highest common divisor of 2 and w.
2
Suppose -1 = o - 15. Suppose -3*x - 162 + 0 = 0. Let s = x - -124. Calculate the highest common divisor of o and s.
14
Suppose -8 = 2*r + 2. Let p be 1 + r/(10/(-54)). Suppose c - 10 = -4*n, -2*c = -6*c - 4*n + p. Calculate the highest common divisor of 1 and c.
1
Let o(r) be the third derivative of r**6/120 + r**5/20 +